{"id":41,"date":"2024-09-26T13:15:15","date_gmt":"2024-09-26T13:15:15","guid":{"rendered":"https:\/\/jobs.haar-raffinessen.de\/?page_id=41"},"modified":"2025-05-25T10:23:17","modified_gmt":"2025-05-25T10:23:17","slug":"friseurin","status":"publish","type":"page","link":"https:\/\/jobs.haar-raffinessen.de\/index.php\/weilheim\/friseurin\/","title":{"rendered":"Friseurin"},"content":{"rendered":"<p><span><img decoding=\"async\" alt=\"\" data-id=\"51\" width=\"203\" data-init-width=\"300\" height=\"63\" data-init-height=\"93\" title=\"Friseur_Haar_Raffinessen_Logo\" loading=\"lazy\" src=\"https:\/\/jobs.haar-raffinessen.de\/wp-content\/uploads\/2024\/09\/Friseur_Haar_Raffinessen_Logo-300x93.png\" data-width=\"203\" data-height=\"63\" style=\"aspect-ratio: auto 300 \/ 93;\"><\/span><\/p>\n<p style=\"text-align: center;\"><span style=\"\">Wir stellen ein:<\/span><\/p>\n<h1 style=\"\"><strong>Friseurin<\/strong><\/h1>\n<p style=\"\">(m\/w\/d)<\/p>\n<ul style=\"\">\n<li style=\"\"><span style=\"\">Vollzeit<\/span><\/li>\n<\/ul>\n<ul style=\"\">\n<li style=\"\"><span style=\"\">Unbefristet<\/span><\/li>\n<\/ul>\n<ul style=\"\">\n<li style=\"\"><span style=\"\">Weilheim in Oberbayern<\/span><\/li>\n<\/ul>\n<p style=\"\">Bereit f\u00fcr den n\u00e4chsten Schritt in deiner Karriere?<\/p>\n<p style=\"\">Zeige uns dein Potenzial und bewerbe dich mit nur wenigen Klicks!<\/p>\n<ul style=\"\">\n<li style=\"\"><span style=\"\">Dauer: ca. 2 Minuten<\/span><\/li>\n<\/ul>\n<h1 style=\"\"><strong>\u00dcber uns<\/strong><\/h1>\n<h1 style=\"\"><span style=\"\"><span>Was uns als Salon ausmacht<\/span><\/span><\/h1>\n<p style=\"\"><span style=\"font-size: 16px !important;\">Unsere Kunden genie\u00dfen eine entspannte Auszeit bei uns und g\u00f6nnen sich das Beste f\u00fcr ihr Haar.&nbsp;<\/span><span style=\"font-size: 16px !important;\">Denn neben professionellen Haarschnitten und Styling legen wir Wert auf individuelle Beratung und erstklassigen Service.&nbsp;<\/span><\/p>\n<p style=\"\"><span style=\"font-size: 16px !important;\">Damit wir das auch immer gew\u00e4hrleisten k\u00f6nnen, genie\u00dfen alle unsere Mitarbeiter ein besonders hohes Ma\u00df an Freiheit und Verantwortung. Durch unser einzigartiges Weiterbildungskonzept bleibst du nicht auf einer Stelle stehen sondern kletterst zielsicher die Karriereleiter hinauf.<\/span><\/p>\n<p style=\"\"><span style=\"font-size: 16px !important;\"><span>Zur Erweiterung unseres Teams suchen wir nun eine&nbsp;<\/span><strong>Friseurin<\/strong> (m\/w\/d)<\/span><\/p>\n<p style=\"text-align: left;\"><span>F\u00fcr die Stelle kannst du<\/span><span>&nbsp;dich direkt hier online und in weniger als 2 Minuten bewerben.<\/span><\/p>\n<p style=\"text-align: left;\"><strong><span>Klicke einfach auf den Button, um die Bewerbung zu starten.<\/span><\/strong><\/p>\n<h1 style=\"\"><strong>Dein Profil<\/strong><\/h1>\n<h1 style=\"\"><span style=\"\"><span>Das w\u00fcnschen wir uns von dir<\/span><\/span><\/h1>\n<p style=\"\">Erforderliche Qualifikationen<\/p>\n<ul style=\"\">\n<li style=\"\"><span style=\"\">Abgeschlossene Ausbildung als Friseur\/in (Geselle oder Meister)&nbsp;<strong>oder<\/strong><\/span><\/li>\n<li style=\"\"><span style=\"\">vergleichbare Ausbildung oder Berufserfahrung<\/span><\/li>\n<li><span>Erfahrung mit verschiedenen Colorationstechniken sind von Vorteil<\/span><\/li>\n<li><span>Erfahrung mit Balayage &amp; Foilyage sind von Vorteil<\/span><\/li>\n<\/ul>\n<p style=\"text-align: left; color: rgb(255, 255, 255) !important; --tcb-applied-color: rgb(255, 255, 255) !important;\"><span style=\"--tcb-applied-color: rgb(255, 255, 255) !important;\">Werde jetzt Teil des coolsten Friseur-Salon Teams in Weilheim in Oberbayern als&#8230;<\/span><\/p>\n<h1 style=\"color: rgb(255, 255, 255) !important; --tcb-applied-color: rgb(255, 255, 255) !important;\"><strong>Friseurin<\/strong><\/h1>\n<p style=\"\">(m\/w\/d)<\/p>\n<h1 style=\"\"><strong>Dein Aufgabengebiet<\/strong><\/h1>\n<h1 style=\"\"><span style=\"\"><span>Das sind deine k\u00fcnftigen T\u00e4tigkeiten bei uns<\/span><\/span><\/h1>\n<ul style=\"\">\n<li style=\"\"><span style=\"\">Haare schneiden, waschen &amp; legen<\/span><\/li>\n<li><span>Balayage<\/span><\/li>\n<li><span>Foilyage<\/span><\/li>\n<li><span>Anwendung diverser Colorationstechniken<\/span><\/li>\n<li style=\"\"><span style=\"\">und viele weitere spannende Aufgaben<\/span><\/li>\n<\/ul>\n<h1 style=\"\"><strong>Deine Benefits<\/strong><\/h1>\n<h1 style=\"\"><span style=\"\"><span>Diese Vorteile erwarten dich bei uns<\/span><\/span><\/h1>\n<p style=\"text-align: left; color: rgb(0, 0, 0) !important; --tcb-applied-color: rgb(0, 0, 0) !important;\"><strong>Pers\u00f6nliche Benefits<\/strong><\/p>\n<ul style=\"\">\n<li style=\"\"><span style=\"\"><strong><strong>1.250\u20ac Fortbildungsbudget <\/strong><\/strong>\/ Jahr<\/span><\/li>\n<\/ul>\n<p style=\"\">Diesen Betrag erh\u00e4ltst du jedes Jahr zus\u00e4tzlich von uns f\u00fcr deine pers\u00f6nliche Weiterbildung (die Zeit f\u00fcr die Weiterbildungen rechnen wir dir \u00fcbrigens als Arbeitszeit an)<\/p>\n<ul style=\"\">\n<li style=\"\"><span style=\"\"><strong><strong><strong><strong>1.200\u20ac Beauty-Gutschein<\/strong> <\/strong><\/strong><\/strong>\/ Jahr<\/span><\/li>\n<\/ul>\n<p style=\"\">Du erh\u00e4ltst ein j\u00e4hrliches Budget f\u00fcr deine eigenen Beauty-Behandlungen bei uns im Salon<\/p>\n<ul style=\"\">\n<li style=\"\"><span style=\"\"><strong><strong><strong>Attraktive Mitarbeiter-Rabatte<\/strong><\/strong><\/strong><\/span><\/li>\n<\/ul>\n<p style=\"\">Unsere Premium-Produkte kannst du zu g\u00fcnstigen Preisen f\u00fcr dich selbst erwerben<\/p>\n<ul style=\"\">\n<li style=\"\"><span style=\"\"><strong><strong><strong><strong>Incentive-Preise im Team<\/strong><\/strong><\/strong><\/strong><\/span><\/li>\n<\/ul>\n<p style=\"\">Bei den internen Challenges kannst du dir zus\u00e4tzliche Preise verdienen wie z.B.: Tank- oder Shopping-Gutscheine<\/p>\n<ul style=\"\">\n<li style=\"\"><span style=\"\"><strong><strong><strong><strong><strong><strong>Kostenlose Kalt- &amp; Warmgetr\u00e4nke<\/strong><\/strong><\/strong><\/strong><\/strong><\/strong><\/span><\/li>\n<\/ul>\n<p style=\"\">F\u00fcr dein leibliches Wohl ist durch unsere Getr\u00e4nke-Flatrate stets gesorgt<\/p>\n<p style=\"text-align: left; color: rgb(0, 0, 0) !important; --tcb-applied-color: rgb(0, 0, 0) !important;\"><strong>Berufliche Benefits<\/strong><\/p>\n<ul style=\"\">\n<li style=\"\"><span style=\"\"><strong><strong>Regelm\u00e4\u00dfige Feedbackgespr\u00e4che<\/strong><\/strong><\/span><\/li>\n<\/ul>\n<p style=\"\">Deine Meinung z\u00e4hlt: durch regelm\u00e4\u00dfige Feedbackgespr\u00e4che ziehen wir immer gemeinsam am selben Strang<\/p>\n<ul style=\"\">\n<li style=\"\"><span style=\"\"><strong><strong>Individuelle Einarbeitung &amp; Fortbildung<\/strong><\/strong><\/span><\/li>\n<\/ul>\n<p style=\"\">Du wirst auf deine neue Herausforderung bestens vorbereitet und weitergebildet<\/p>\n<ul style=\"\">\n<li style=\"\"><span style=\"\"><strong><strong>Modernste Arbeitsmittel<\/strong><\/strong><\/span><\/li>\n<\/ul>\n<p style=\"\">Du bekommst modernste Arbeitsmittel wie iMac, iPhone und vieles mehr<\/p>\n<ul style=\"\">\n<li style=\"\"><span style=\"\"><strong><strong>Modernes Arbeitsumfeld<\/strong><\/strong><\/span><\/li>\n<\/ul>\n<p style=\"\">Dein neuer Arbeitsplatz ist modern und zeitgem\u00e4\u00df ausgestattet<\/p>\n<ul style=\"\">\n<li style=\"\"><span style=\"\"><strong><strong><strong><strong>L&#8217;Oreal Premium-Partner \/ La Biosth\u00e9tique&nbsp;<\/strong><\/strong><\/strong><\/strong><\/span><\/li>\n<\/ul>\n<p style=\"\">Als Teil unseres Teams wirst du offizieller L&#8217;Oreal Premium-Partner \/La Biosth\u00e9tique und arbeitest ausschlie\u00dflich mit erstklassigen Produkten<\/p>\n<ul style=\"\">\n<li style=\"\"><span style=\"\"><strong><strong><strong>Ehrliches und offenes Miteinander<\/strong><\/strong><\/strong><\/span><\/li>\n<\/ul>\n<p style=\"\">Eine transparente und offene Kommunikation untereinander sorgt f\u00fcr ein tolles Betriebsklima<\/p>\n<ul style=\"\">\n<li style=\"\"><span style=\"\"><strong><strong><strong>Offenes Ohr f\u00fcr Anmerkungen &amp; Ideen<\/strong><\/strong><\/strong><\/span><\/li>\n<\/ul>\n<p style=\"\">Deine Ideen und Anmerkungen finden bei uns Anklang. Wir sch\u00e4tzen jeden Beitrag<\/p>\n<h1 style=\"color: rgb(255, 255, 255) !important; --tcb-applied-color: rgb(255, 255, 255) !important;\"><strong>Wie funktioniert die Bewerbung?<\/strong><\/h1>\n<h1 style=\"\"><span style=\"\">In nur 3 einfachen Schritten zu deinem neuen Job<\/span><\/h1>\n<h4 style=\"text-align: left; color: rgb(255, 255, 255) !important; --tcb-applied-color: rgb(255, 255, 255) !important;\">Schritt 1<\/h4>\n<p style=\"text-align: left; color: rgb(255, 255, 255) !important; --tcb-applied-color: rgb(255, 255, 255) !important;\">F\u00fclle die Bewerbung online aus, indem du auf den Button ,,Jetzt bewerben&#8220; klickst. Dauer: ca. 2 Minuten.<\/p>\n<h4 style=\"text-align: left;\">Schritt 2<\/h4>\n<p style=\"text-align: left; color: rgb(255, 255, 255) !important; --tcb-applied-color: rgb(255, 255, 255) !important;\">Wir schauen uns nun deine Bewerbung an. Wenn sie uns gef\u00e4llt, werden wir dich zum pers\u00f6nlichen Gespr\u00e4ch einladen.<\/p>\n<h4 style=\"text-align: left; color: rgb(255, 255, 255) !important; --tcb-applied-color: rgb(255, 255, 255) !important;\">Schritt 3<\/h4>\n<p style=\"text-align: left;\">Im pers\u00f6nlichen Gespr\u00e4ch lernen wir uns kennen und entscheiden, ob wir den Weg zuk\u00fcnftig gemeinsam gehen m\u00f6chten.<\/p>\n<h1 style=\"\"><strong>Unser Standort<\/strong><\/h1>\n<h1 style=\"\"><span style=\"\"><span>Hier findest du deine neue Lieblings-Arbeitsstelle<\/span><\/span><\/h1>\n<p style=\"text-align: left;\"><strong><span>Haar Raffinessen<\/span><\/strong><\/p>\n<p style=\"text-align: left;\">Franziska Clau\u00df<\/p>\n<p style=\"text-align: left;\"><span>M\u00fcnchener Stra\u00dfe 34<\/span><\/p>\n<p style=\"text-align: left;\"><span>82362 Weilheim in Oberbayern<\/span><\/p>\n<p><span><img decoding=\"async\" alt=\"\" data-id=\"51\" width=\"144\" data-init-width=\"1000\" height=\"44\" data-init-height=\"309\" title=\"Friseur_Haar_Raffinessen_Logo\" loading=\"lazy\" src=\"https:\/\/jobs.haar-raffinessen.de\/wp-content\/uploads\/2024\/09\/Friseur_Haar_Raffinessen_Logo.png\" data-width=\"144\" data-height=\"44\" style=\"aspect-ratio: auto 1000 \/ 309;\"><\/span><\/p>\n<p style=\"text-align: left;\"><a href=\"https:\/\/haar-raffinessen.de\/impressum\/\" target=\"_blank\" style=\"outline: none;\"><span>Impressum<\/span><\/a><span>&nbsp;| <\/span><a href=\"https:\/\/haar-raffinessen.de\/datenschutzerklaerung\/\" target=\"_blank\" style=\"outline: none;\"><span>Datenschutz<\/span><\/a><\/p>\n<p style=\"text-align: right;\">Offizieller Recruiting-Partner<\/p>\n<p><span><a href=\"https:\/\/luan-freundl.de\" target=\"_blank\"><img decoding=\"async\" alt=\"\" data-id=\"109\" width=\"205\" data-init-width=\"3200\" height=\"32\" data-init-height=\"504\" title=\"socialrecruiting.io, Logo Druck (3200 x 504 px)\" loading=\"lazy\" src=\"https:\/\/jobs.haar-raffinessen.de\/wp-content\/uploads\/2024\/12\/socialrecruiting.io-Logo-Druck-3200-x-504-px.png\" data-width=\"205\" data-height=\"32\" style=\"aspect-ratio: auto 3200 \/ 504;\" data-link-wrap=\"true\"><\/a><\/span><\/p>\n","protected":false},"excerpt":{"rendered":"<p>Wir stellen ein: Friseurin (m\/w\/d) Vollzeit Unbefristet Weilheim in Oberbayern Bereit f\u00fcr den n\u00e4chsten Schritt in deiner Karriere? Zeige uns dein Potenzial und bewerbe dich mit nur wenigen Klicks! Dauer: ca. 2 Minuten \u00dcber uns Was uns als Salon ausmacht Unsere Kunden genie\u00dfen eine entspannte Auszeit bei uns und g\u00f6nnen sich das Beste f\u00fcr ihr [&hellip;]<\/p>\n","protected":false},"author":1,"featured_media":0,"parent":38,"menu_order":0,"comment_status":"closed","ping_status":"closed","template":"","meta":{"footnotes":""},"class_list":["post-41","page","type-page","status-publish","hentry","post-wrapper","thrv_wrapper"],"_links":{"self":[{"href":"https:\/\/jobs.haar-raffinessen.de\/index.php\/wp-json\/wp\/v2\/pages\/41","targetHints":{"allow":["GET"]}}],"collection":[{"href":"https:\/\/jobs.haar-raffinessen.de\/index.php\/wp-json\/wp\/v2\/pages"}],"about":[{"href":"https:\/\/jobs.haar-raffinessen.de\/index.php\/wp-json\/wp\/v2\/types\/page"}],"author":[{"embeddable":true,"href":"https:\/\/jobs.haar-raffinessen.de\/index.php\/wp-json\/wp\/v2\/users\/1"}],"replies":[{"embeddable":true,"href":"https:\/\/jobs.haar-raffinessen.de\/index.php\/wp-json\/wp\/v2\/comments?post=41"}],"version-history":[{"count":16,"href":"https:\/\/jobs.haar-raffinessen.de\/index.php\/wp-json\/wp\/v2\/pages\/41\/revisions"}],"predecessor-version":[{"id":110,"href":"https:\/\/jobs.haar-raffinessen.de\/index.php\/wp-json\/wp\/v2\/pages\/41\/revisions\/110"}],"up":[{"embeddable":true,"href":"https:\/\/jobs.haar-raffinessen.de\/index.php\/wp-json\/wp\/v2\/pages\/38"}],"wp:attachment":[{"href":"https:\/\/jobs.haar-raffinessen.de\/index.php\/wp-json\/wp\/v2\/media?parent=41"}],"curies":[{"name":"wp","href":"https:\/\/api.w.org\/{rel}","templated":true}]}}

<p><span><img decoding="async" alt="" data-id="51" width="203" data-init-width="300" height="63" data-init-height="93" title="Friseur_Haar_Raffinessen_Logo" loading="lazy" src="https://jobs.haar-raffinessen.de/wp-content/uploads/2024/09/Friseur_Haar_Raffinessen_Logo-300x93.png" data-width="203" data-height="63" style="aspect-ratio: auto 300 / 93;"></span></p>
<p style="text-align: center;"><span style="">Wir stellen ein:</span></p>
<h1 style=""><strong>Friseurin</strong></h1>
<p style="">(m/w/d)</p>
<ul style="">
<li style=""><span style="">Vollzeit</span></li>
</ul>
<ul style="">
<li style=""><span style="">Unbefristet</span></li>
</ul>
<ul style="">
<li style=""><span style="">Weilheim in Oberbayern</span></li>
</ul>
<p style="">Bereit für den nächsten Schritt in deiner Karriere?</p>
<p style="">Zeige uns dein Potenzial und bewerbe dich mit nur wenigen Klicks!</p>
<ul style="">
<li style=""><span style="">Dauer: ca. 2 Minuten</span></li>
</ul>
<h1 style=""><strong>Über uns</strong></h1>
<h1 style=""><span style=""><span>Was uns als Salon ausmacht</span></span></h1>
<p style=""><span style="font-size: 16px !important;">Unsere Kunden genießen eine entspannte Auszeit bei uns und gönnen sich das Beste für ihr Haar.&nbsp;</span><span style="font-size: 16px !important;">Denn neben professionellen Haarschnitten und Styling legen wir Wert auf individuelle Beratung und erstklassigen Service.&nbsp;</span></p>
<p style=""><span style="font-size: 16px !important;">Damit wir das auch immer gewährleisten können, genießen alle unsere Mitarbeiter ein besonders hohes Maß an Freiheit und Verantwortung. Durch unser einzigartiges Weiterbildungskonzept bleibst du nicht auf einer Stelle stehen sondern kletterst zielsicher die Karriereleiter hinauf.</span></p>
<p style=""><span style="font-size: 16px !important;"><span>Zur Erweiterung unseres Teams suchen wir nun eine&nbsp;</span><strong>Friseurin</strong> (m/w/d)</span></p>
<p style="text-align: left;"><span>Für die Stelle kannst du</span><span>&nbsp;dich direkt hier online und in weniger als 2 Minuten bewerben.</span></p>
<p style="text-align: left;"><strong><span>Klicke einfach auf den Button, um die Bewerbung zu starten.</span></strong></p>
<h1 style=""><strong>Dein Profil</strong></h1>
<h1 style=""><span style=""><span>Das wünschen wir uns von dir</span></span></h1>
<p style="">Erforderliche Qualifikationen</p>
<ul style="">
<li style=""><span style="">Abgeschlossene Ausbildung als Friseur/in (Geselle oder Meister)&nbsp;<strong>oder</strong></span></li>
<li style=""><span style="">vergleichbare Ausbildung oder Berufserfahrung</span></li>
<li><span>Erfahrung mit verschiedenen Colorationstechniken sind von Vorteil</span></li>
<li><span>Erfahrung mit Balayage &amp; Foilyage sind von Vorteil</span></li>
</ul>
<p style="text-align: left; color: rgb(255, 255, 255) !important; --tcb-applied-color: rgb(255, 255, 255) !important;"><span style="--tcb-applied-color: rgb(255, 255, 255) !important;">Werde jetzt Teil des coolsten Friseur-Salon Teams in Weilheim in Oberbayern als&#8230;</span></p>
<h1 style="color: rgb(255, 255, 255) !important; --tcb-applied-color: rgb(255, 255, 255) !important;"><strong>Friseurin</strong></h1>
<p style="">(m/w/d)</p>
<h1 style=""><strong>Dein Aufgabengebiet</strong></h1>
<h1 style=""><span style=""><span>Das sind deine künftigen Tätigkeiten bei uns</span></span></h1>
<ul style="">
<li style=""><span style="">Haare schneiden, waschen &amp; legen</span></li>
<li><span>Balayage</span></li>
<li><span>Foilyage</span></li>
<li><span>Anwendung diverser Colorationstechniken</span></li>
<li style=""><span style="">und viele weitere spannende Aufgaben</span></li>
</ul>
<h1 style=""><strong>Deine Benefits</strong></h1>
<h1 style=""><span style=""><span>Diese Vorteile erwarten dich bei uns</span></span></h1>
<p style="text-align: left; color: rgb(0, 0, 0) !important; --tcb-applied-color: rgb(0, 0, 0) !important;"><strong>Persönliche Benefits</strong></p>
<ul style="">
<li style=""><span style=""><strong><strong>1.250€ Fortbildungsbudget </strong></strong>/ Jahr</span></li>
</ul>
<p style="">Diesen Betrag erhältst du jedes Jahr zusätzlich von uns für deine persönliche Weiterbildung (die Zeit für die Weiterbildungen rechnen wir dir übrigens als Arbeitszeit an)</p>
<ul style="">
<li style=""><span style=""><strong><strong><strong><strong>1.200€ Beauty-Gutschein</strong> </strong></strong></strong>/ Jahr</span></li>
</ul>
<p style="">Du erhältst ein jährliches Budget für deine eigenen Beauty-Behandlungen bei uns im Salon</p>
<ul style="">
<li style=""><span style=""><strong><strong><strong>Attraktive Mitarbeiter-Rabatte</strong></strong></strong></span></li>
</ul>
<p style="">Unsere Premium-Produkte kannst du zu günstigen Preisen für dich selbst erwerben</p>
<ul style="">
<li style=""><span style=""><strong><strong><strong><strong>Incentive-Preise im Team</strong></strong></strong></strong></span></li>
</ul>
<p style="">Bei den internen Challenges kannst du dir zusätzliche Preise verdienen wie z.B.: Tank- oder Shopping-Gutscheine</p>
<ul style="">
<li style=""><span style=""><strong><strong><strong><strong><strong><strong>Kostenlose Kalt- &amp; Warmgetränke</strong></strong></strong></strong></strong></strong></span></li>
</ul>
<p style="">Für dein leibliches Wohl ist durch unsere Getränke-Flatrate stets gesorgt</p>
<p style="text-align: left; color: rgb(0, 0, 0) !important; --tcb-applied-color: rgb(0, 0, 0) !important;"><strong>Berufliche Benefits</strong></p>
<ul style="">
<li style=""><span style=""><strong><strong>Regelmäßige Feedbackgespräche</strong></strong></span></li>
</ul>
<p style="">Deine Meinung zählt: durch regelmäßige Feedbackgespräche ziehen wir immer gemeinsam am selben Strang</p>
<ul style="">
<li style=""><span style=""><strong><strong>Individuelle Einarbeitung &amp; Fortbildung</strong></strong></span></li>
</ul>
<p style="">Du wirst auf deine neue Herausforderung bestens vorbereitet und weitergebildet</p>
<ul style="">
<li style=""><span style=""><strong><strong>Modernste Arbeitsmittel</strong></strong></span></li>
</ul>
<p style="">Du bekommst modernste Arbeitsmittel wie iMac, iPhone und vieles mehr</p>
<ul style="">
<li style=""><span style=""><strong><strong>Modernes Arbeitsumfeld</strong></strong></span></li>
</ul>
<p style="">Dein neuer Arbeitsplatz ist modern und zeitgemäß ausgestattet</p>
<ul style="">
<li style=""><span style=""><strong><strong><strong><strong>L&#8217;Oreal Premium-Partner / La Biosthétique&nbsp;</strong></strong></strong></strong></span></li>
</ul>
<p style="">Als Teil unseres Teams wirst du offizieller L&#8217;Oreal Premium-Partner /La Biosthétique und arbeitest ausschließlich mit erstklassigen Produkten</p>
<ul style="">
<li style=""><span style=""><strong><strong><strong>Ehrliches und offenes Miteinander</strong></strong></strong></span></li>
</ul>
<p style="">Eine transparente und offene Kommunikation untereinander sorgt für ein tolles Betriebsklima</p>
<ul style="">
<li style=""><span style=""><strong><strong><strong>Offenes Ohr für Anmerkungen &amp; Ideen</strong></strong></strong></span></li>
</ul>
<p style="">Deine Ideen und Anmerkungen finden bei uns Anklang. Wir schätzen jeden Beitrag</p>
<h1 style="color: rgb(255, 255, 255) !important; --tcb-applied-color: rgb(255, 255, 255) !important;"><strong>Wie funktioniert die Bewerbung?</strong></h1>
<h1 style=""><span style="">In nur 3 einfachen Schritten zu deinem neuen Job</span></h1>
<h4 style="text-align: left; color: rgb(255, 255, 255) !important; --tcb-applied-color: rgb(255, 255, 255) !important;">Schritt 1</h4>
<p style="text-align: left; color: rgb(255, 255, 255) !important; --tcb-applied-color: rgb(255, 255, 255) !important;">Fülle die Bewerbung online aus, indem du auf den Button ,,Jetzt bewerben&#8220; klickst. Dauer: ca. 2 Minuten.</p>
<h4 style="text-align: left;">Schritt 2</h4>
<p style="text-align: left; color: rgb(255, 255, 255) !important; --tcb-applied-color: rgb(255, 255, 255) !important;">Wir schauen uns nun deine Bewerbung an. Wenn sie uns gefällt, werden wir dich zum persönlichen Gespräch einladen.</p>
<h4 style="text-align: left; color: rgb(255, 255, 255) !important; --tcb-applied-color: rgb(255, 255, 255) !important;">Schritt 3</h4>
<p style="text-align: left;">Im persönlichen Gespräch lernen wir uns kennen und entscheiden, ob wir den Weg zukünftig gemeinsam gehen möchten.</p>
<h1 style=""><strong>Unser Standort</strong></h1>
<h1 style=""><span style=""><span>Hier findest du deine neue Lieblings-Arbeitsstelle</span></span></h1>
<p style="text-align: left;"><strong><span>Haar Raffinessen</span></strong></p>
<p style="text-align: left;">Franziska Clauß</p>
<p style="text-align: left;"><span>Münchener Straße 34</span></p>
<p style="text-align: left;"><span>82362 Weilheim in Oberbayern</span></p>
<p><span><img decoding="async" alt="" data-id="51" width="144" data-init-width="1000" height="44" data-init-height="309" title="Friseur_Haar_Raffinessen_Logo" loading="lazy" src="https://jobs.haar-raffinessen.de/wp-content/uploads/2024/09/Friseur_Haar_Raffinessen_Logo.png" data-width="144" data-height="44" style="aspect-ratio: auto 1000 / 309;"></span></p>
<p style="text-align: left;"><a href="https://haar-raffinessen.de/impressum/" target="_blank" style="outline: none;"><span>Impressum</span></a><span>&nbsp;| </span><a href="https://haar-raffinessen.de/datenschutzerklaerung/" target="_blank" style="outline: none;"><span>Datenschutz</span></a></p>
<p style="text-align: right;">Offizieller Recruiting-Partner</p>
<p><span><a href="https://luan-freundl.de" target="_blank"><img decoding="async" alt="" data-id="109" width="205" data-init-width="3200" height="32" data-init-height="504" title="socialrecruiting.io, Logo Druck (3200 x 504 px)" loading="lazy" src="https://jobs.haar-raffinessen.de/wp-content/uploads/2024/12/socialrecruiting.io-Logo-Druck-3200-x-504-px.png" data-width="205" data-height="32" style="aspect-ratio: auto 3200 / 504;" data-link-wrap="true"></a></span></p>

<p>Wir stellen ein: Friseurin (m/w/d) Vollzeit Unbefristet Weilheim in Oberbayern Bereit für den nächsten Schritt in deiner Karriere? Zeige uns dein Potenzial und bewerbe dich mit nur wenigen Klicks! Dauer: ca. 2 Minuten Über uns Was uns als Salon ausmacht Unsere Kunden genießen eine entspannte Auszeit bei uns und gönnen sich das Beste für ihr [&hellip;]</p>
